ctor of 190131377?
False
Is 375 a factor of 20354625?
True
Does 656 divide 48210093?
False
Is 1742 a factor of 50604737?
False
Does 175 divide 6867906010?
False
Is 38 a factor of 50655178?
True
Does 3177 divide 189696725?
False
Is 49566281 a multiple of 42?
False
Does 945 divide 7213061?
False
Does 3 divide 475017?
True
Does 2 divide 19238646?
True
Is 170 a factor of 86203412?
False
Does 76 divide 156864672?
False
Is 199754739 a multiple of 237?
True
Does 27 divide 8450190?
True
Is 246 a factor of 27165288?
True
Is 48721316 a multiple of 1365?
False
Is 565611176 a multiple of 415?
False
Does 373 divide 26620456?
False
Is 49 a factor of 940568181?
True
Is 12 a factor of 51789936?
True
Is 313 a factor of 107103041?
False
Does 1516 divide 60138204?
True
Is 108632380 a multiple of 68?
True
Is 75 a factor of 590652000?
True
Is 603971290 a multiple of 179?
False
Is 62767455 a multiple of 87?
True
Does 464 divide 94750237?
False
Is 21600540 a multiple of 2172?
True
Is 379630020 a multiple of 35?
True
Does 14 divide 1638280448?
True
Is 416 a factor of 576415840?
True
Is 19 a factor of 176632360?
True
Does 1324 divide 7411752?
True
Is 4399095780 a multiple of 85?
True
Is 97333085 a multiple of 16?
False
Does 74 divide 67840610?
True
Is 103 a factor of 57815754?
True
Is 42 a factor of 10376469?
False
Is 313 a factor of 26969332?
True
Is 1139 a factor of 39587084?
True
Is 198 a factor of 5336892?
True
Does 810 divide 939523050?
True
Is 1153003422 a multiple of 324?
False
Is 578 a factor of 61113910?
False
Is 1229262323 a multiple of 643?
True
Is 231806239 a multiple of 8?
False
Is 75591616 a multiple of 577?
True
Is 87 a factor of 466196808?
True
Is 1170 a factor of 48227021?
False
Is 35335494 a multiple of 6?
True
Is 42 a factor of 205884?
True
Is 218821619 a multiple of 59?
True
Is 237 a factor of 2392195900?
False
Is 82506474 a multiple of 78?
False
Is 11 a factor of 3782625?
True
Is 572 a factor of 83383222?
False
Is 57113188 a multiple of 518?
False
Is 12 a factor of 42243678?
False
Is 14489511 a multiple of 17?
False
Is 1781 a factor of 295481489?
False
Does 62 divide 63167847?
False
Does 30 divide 4938235?
False
Is 167 a factor of 117268436?
False
Is 410 a factor of 55528912?
False
Is 722 a factor of 193529934?
True
Does 681 divide 21075588?
True
Is 27 a factor of 93983976?
True
Is 452746520 a multiple of 3635?
True
Does 64 divide 257964732?
False
Does 3 divide 117719840?
False
Is 1710 a factor of 282900690?
True
Does 10 divide 8883080?
True
Is 6 a factor of 1515678?
True
Is 22884855 a multiple of 15?
True
Is 39811530 a multiple of 165?
True
Is 1417 a factor of 161733053?
False
Is 43756120 a multiple of 398?
True
Is 1555 a factor of 40172851?
False
Is 1480 a factor of 176238409?
False
Is 280 a factor of 1510163760?
True
Does 1185 divide 335616509?
False
Does 962 divide 14986954?
False
Is 54 a factor of 32130972?
True
Does 776 divide 1014112069?
False
Is 3687714 a multiple of 74?
False
Is 34729785 a multiple of 661?
False
Is 3713 a factor of 306846033?
True
Does 297 divide 967286094?
False
Does 115 divide 73148510?
True
Is 469534563 a multiple of 87?
True
Is 900589716 a multiple of 234?
True
Is 57227222 a multiple of 26?
True
Does 267 divide 1764668332?
False
Is 1252924666 a multiple of 95?
False
Is 29 a factor of 1557440708?
True
Is 27 a factor of 39910822?
False
Is 217 a factor of 1931398304?
False
Does 9 divide 4493628?
True
Is 306 a factor of 108489546?
True
Is 271556170 a multiple of 23?
True
Is 1754827728 a multiple of 219?
True
Is 56935637 a multiple of 83?
False
Does 3822 divide 742691040?
True
Is 947939643 a multiple of 247?
False
Is 77 a factor of 387358356?
True
Is 75741552 a multiple of 19?
False
Does 3151 divide 44558291?
True
Is 68875223 a multiple of 52?
False
Does 172 divide 127613059?
False
Is 397558296 a multiple of 183?
False
Does 113 divide 425038200?
True
Is 440 a factor of 7190920?
True
Is 46559584 a multiple of 714?
False
Is 61 a factor of 4910439?
True
Does 3 divide 1028985?
True
Is 3566190 a multiple of 391?
False
Is 315 a factor of 104476194?
False
Does 27 divide 30250449?
True
Is 1477786432 a multiple of 23?
True
Is 5273 a factor of 1013781707?
True
Is 417931766 a multiple of 14?
True
Is 4453 a factor of 1194775524?
True
Is 294957513 a multiple of 14?
False
Is 43 a factor of 2670736398?
False
Does 15 divide 1348549620?
True
Is 403 a factor of 12254827?
True
Is 3784816 a multiple of 112?
True
Is 1963 a factor of 2620118176?
True
Does 372 divide 261901780?
False
Is 376 a factor of 3888343914?
False
Is 2741936864 a multiple of 69?
False
Does 117 divide 28132770?
False
Is 548652324 a multiple of 42?
False
Is 711 a factor of 121986981?
True
Is 728 a factor of 170542008?
True
Is 45 a factor of 371659846?
False
Does 336 divide 5048499?
False
Does 4 divide 13985695?
False
Is 62636881 even?
False
Does 249 divide 20233242?
True
Does 629 divide 131844690?
True
Is 686 a factor of 24978537?
False
Is 26 a factor of 623039544?
False
Is 80360266 a multiple of 127?
True
Is 58147012 a multiple of 11?
True
Is 72 a factor of 46741143?
False
Does 11 divide 202801102?
False
Is 60893458 a multiple of 8?
False
Is 490919221 a multiple of 13?
True
Does 6 divide 19963333?
False
Is 125 a factor of 9534139?
False
Does 64 divide 249845184?
True
Is 494926 a multiple of 18?
False
Is 22303553 a multiple of 4?
False
Is 615294714 a multiple of 38?
False
Is 1148560048 a multiple of 258?
False
Is 39 a factor of 15295315?
False
Is 251312428 a multiple of 10?
False
Is 16 a factor of 285545813?
False
Does 21 divide 182846041?
False
Is 64643866 a multiple of 138?
False
Does 7 divide 8786260?
True
Is 70544699 a multiple of 136?
False
Does 3 divide 12206328?
True
Is 23762145 a multiple of 97?
False
Is 1896 a factor of 197440221?
False
Is 486002507 a multiple of 627?
False
Is 307255458 a multiple of 673?
True
Is 804046723 a multiple of 43?
True
Does 1096 divide 201507272?
True
Is 89015410 a multiple of 169?
False
Does 20 divide 8354947?
False
Does 1348 divide 1059465943?
False
Does 291 divide 193945389?
True
Does 12 divide 201063492?
True
Is 60697659 a multiple of 33?
True
Does 351 divide 39544011?
True
Does 15 divide 519501415?
False
Is 71871033 a multiple of 9?
False
Is 1557 a factor of 62614755?
True
Does 193 divide 824921312?
False
Is 234841688 a multiple of 10?
False
Is 5 a factor of 2108116?
False
Is 694757927 a multiple of 83?
False
Does 438 divide 226163490?
True
Is 36376123 a multiple of 230?
False
Does 8 divide 767422347?
False
Is 294387619 a multiple of 26?
False
Does 286 divide 335904140?
True
Is 47097718 a multiple of 2141?
True
Does 43 divide 637739536?
True
Is 11 a factor of 11571362?
True
Is 29249311 a multiple of 91?
True
Is 746 a factor of 103750696?
True
Is 181 a factor of 3347986637?
False
Does 415 divide 202847850?
True
Is 80 a factor of 1550573006?
False
Does 926 divide 64081052?
True
Does 23 divide 86136771?
True
Does 14 divide 2256698010?
True
Is 111661708 a multiple of 19?
True
Is 298 a factor of 724260690?
True
Does 11 divide 33280872?
False
Is 6731 a factor of 2100078731?
True
Is 242 a factor of 4344831942?
True
Does 75 divide 157215122?
False
Does 10 divide 293898240?
True
Is 4697561837 a multiple of 23?
True
Is 1366 a factor of 1311606263?
False
Is 167813130 a multiple of 4218?
True
Is 488 a factor of 1826271680?
True
Is 34275134 a multiple of 351?
False
Does 8 divide 243752172?
False
Is 122 a factor of 515113412?
False
Does 68 divide 462616166?
False
Is 127736423 a multiple of 1497?
False
Does 5 divide 343656165?
True
Is 3184 a factor of 114252437?
False
Is 13705806 a multiple of 227?
True
Is 35505428 a multiple of 37?
False
Does 154 divide 527912?
True
Is 39 a factor of 17524507?
False
Is 24 a factor of 1868283621?
False
Is 5 a factor of 7324874?
False
Is 5267416 a multiple of 44?
True
Is 161439693 a multiple of 18?
False
Is 104 a factor of 60887353?
False
Does 59 divide 136132883?
True
Is 223399168 a multiple of 40?
False
Is 1067821302 a multiple of 14?
False
Is 873 a factor of 1200725946?
True
Is 1127 a factor of 561480815?
False
Is 13 a factor of 3181574851?
True
Does 8 divide 71002995?
False
Does 153 divide 126172796?
False
Is 134628566 a multiple of 2719?
True
Does 15 divide 355302508?
False
Does 374 divide 3361512?
True
Is 